{"id":175,"date":"2016-11-07T16:58:00","date_gmt":"2016-11-07T16:58:00","guid":{"rendered":"http:\/\/wiemers.de\/?page_id=175"},"modified":"2017-01-18T09:18:05","modified_gmt":"2017-01-18T09:18:05","slug":"kerbzahnnaben-din-5481-2","status":"publish","type":"page","link":"https:\/\/wiemers.de\/?page_id=175","title":{"rendered":"Kerbzahnnaben DIN 5481"},"content":{"rendered":"<style type=\"text\/css\"><!-- .wzlframe {background-color:#ddbd89; border-top:0px; border-right:0px; border-bottom:0px; border-left:0px; } td.wzl { font-size:20px; tahoma,verdana,sans-serif;  text-align:left; padding:5px; }  --><\/style>\n<table class=\"wzlframe\" width=\"640\">\n<tbody>\n<tr>\n<td align=\"center\"><\/td>\n<td align=\"center\"><img loading=\"lazy\" class=\"alignnone size-full wp-image-160\" src=\"https:\/\/wiemers.de\/wp-content\/uploads\/2016\/10\/DIN5481.bmp\" alt=\"DIN5481\" width=\"227\" height=\"226\" \/><\/td>\n<\/tr>\n<\/tbody>\n<\/table>\n<table class=\"wzlframe\" width=\"640\" cellspacing=\"0\">\n<thead>\n<tr>\n<th bgcolor=\"#c0c0c0\"><span style=\"font-size: 11pt;\">Nennmass<\/span><\/th>\n<th bgcolor=\"#c0c0c0\"><span style=\"font-size: 11pt;\">Z\u00e4hnezahl<\/span><\/th>\n<th bgcolor=\"#c0c0c0\"><span style=\"font-size: 11pt;\">R\u00e4uml\u00e4nge<\/span><\/th>\n<th bgcolor=\"#c0c0c0\"><span style=\"font-size: 11pt;\">Vorbohrung<\/span><\/th>\n<th bgcolor=\"#c0c0c0\"><span style=\"font-size: 11pt;\">Wkz-Nr<\/span><\/th>\n<\/tr>\n<tr bgcolor=\"#eeeeee\">\n<td>\n<div align=\"center\">7 x 8<\/div>\n<\/td>\n<td align=\"center\">28<\/td>\n<td align=\"center\">8 &#8211; 15<\/td>\n<td align=\"center\">7,2<\/td>\n<td align=\"Left\">11\/ 131<\/td>\n<\/tr>\n<tr bgcolor=\"#ddbd89\">\n<td>\n<div align=\"center\">7 x 8<\/div>\n<\/td>\n<td align=\"center\">28<\/td>\n<td align=\"center\">10 &#8211; 20<\/td>\n<td align=\"center\">7,02<\/td>\n<td align=\"Left\">11\/ 142<\/td>\n<\/tr>\n<tr bgcolor=\"#eeeeee\">\n<td>\n<div align=\"center\">7 x 8<\/div>\n<\/td>\n<td align=\"center\">28<\/td>\n<td align=\"center\">10 &#8211; 25<\/td>\n<td align=\"center\">7,18<\/td>\n<td align=\"Left\">11\/ 115<\/td>\n<\/tr>\n<tr bgcolor=\"#ddbd89\">\n<td>\n<div align=\"center\">8 x 10<\/div>\n<\/td>\n<td align=\"center\">28<\/td>\n<td align=\"center\">10 &#8211; 18<\/td>\n<td align=\"center\">8,4<\/td>\n<td align=\"Left\">11\/ 3<\/td>\n<\/tr>\n<tr bgcolor=\"#eeeeee\">\n<td>\n<div align=\"center\">8 x 10<\/div>\n<\/td>\n<td align=\"center\">28<\/td>\n<td align=\"center\">10 &#8211; 20<\/td>\n<td align=\"center\">8,4<\/td>\n<td align=\"Left\">11\/ 157<\/td>\n<\/tr>\n<tr bgcolor=\"#ddbd89\">\n<td>\n<div align=\"center\">10 x 12<\/div>\n<\/td>\n<td align=\"center\">30<\/td>\n<td align=\"center\">&#8211; 14<\/td>\n<td align=\"center\">10,28<\/td>\n<td align=\"Left\">11\/ 137<\/td>\n<\/tr>\n<tr bgcolor=\"#eeeeee\">\n<td>\n<div align=\"center\">10 x 12<\/div>\n<\/td>\n<td align=\"center\">30<\/td>\n<td align=\"center\">8 &#8211; 20<\/td>\n<td align=\"center\">10,4<\/td>\n<td align=\"Left\">11\/ 161<\/td>\n<\/tr>\n<tr bgcolor=\"#ddbd89\">\n<td>\n<div align=\"center\">10 x 12<\/div>\n<\/td>\n<td align=\"center\">30<\/td>\n<td align=\"center\">12 &#8211; 25<\/td>\n<td align=\"center\">10,27<\/td>\n<td align=\"Left\">11\/ 165<\/td>\n<\/tr>\n<tr bgcolor=\"#eeeeee\">\n<td>\n<div align=\"center\">10 x 12<\/div>\n<\/td>\n<td align=\"center\">30<\/td>\n<td align=\"center\">12 &#8211; 30<\/td>\n<td align=\"center\">10,13<\/td>\n<td align=\"Left\">11\/ 162<\/td>\n<\/tr>\n<tr bgcolor=\"#ddbd89\">\n<td>\n<div align=\"center\">10 x 12<\/div>\n<\/td>\n<td align=\"center\">30<\/td>\n<td align=\"center\">12 &#8211; 35<\/td>\n<td align=\"center\">10,26<\/td>\n<td align=\"Left\">11\/ 59<\/td>\n<\/tr>\n<tr bgcolor=\"#eeeeee\">\n<td>\n<div align=\"center\">10 x 12<\/div>\n<\/td>\n<td align=\"center\">30<\/td>\n<td align=\"center\">12 &#8211; 35<\/td>\n<td align=\"center\">10,27<\/td>\n<td align=\"Left\">11\/ 134<\/td>\n<\/tr>\n<tr bgcolor=\"#ddbd89\">\n<td>\n<div align=\"center\">10 x 12<\/div>\n<\/td>\n<td align=\"center\">30<\/td>\n<td align=\"center\">16 &#8211; 40<\/td>\n<td align=\"center\">10,4<\/td>\n<td align=\"Left\">11\/ 7<\/td>\n<\/tr>\n<tr bgcolor=\"#eeeeee\">\n<td>\n<div align=\"center\">10 x 12<\/div>\n<\/td>\n<td align=\"center\">30<\/td>\n<td align=\"center\">16 &#8211; 40<\/td>\n<td align=\"center\">10,26<\/td>\n<td align=\"Left\">11\/ 8<\/td>\n<\/tr>\n<tr bgcolor=\"#ddbd89\">\n<td>\n<div align=\"center\">12 x 14<\/div>\n<\/td>\n<td align=\"center\">31<\/td>\n<td align=\"center\">10 &#8211; 25<\/td>\n<td align=\"center\">12,28<\/td>\n<td align=\"Left\">11\/ 146<\/td>\n<\/tr>\n<tr bgcolor=\"#eeeeee\">\n<td>\n<div align=\"center\">12 x 14<\/div>\n<\/td>\n<td align=\"center\">31<\/td>\n<td align=\"center\">12 &#8211; 30<\/td>\n<td align=\"center\">12,1<\/td>\n<td align=\"Left\">11\/ 10<\/td>\n<\/tr>\n<tr bgcolor=\"#ddbd89\">\n<td>\n<div align=\"center\">12 x 14<\/div>\n<\/td>\n<td align=\"center\">31<\/td>\n<td align=\"center\">12 &#8211; 35<\/td>\n<td align=\"center\">12,26<\/td>\n<td align=\"Left\">11\/ 138<\/td>\n<\/tr>\n<tr bgcolor=\"#eeeeee\">\n<td>\n<div align=\"center\">12 x 14<\/div>\n<\/td>\n<td align=\"center\">31<\/td>\n<td align=\"center\">16 &#8211; 40<\/td>\n<td align=\"center\">12,29<\/td>\n<td align=\"Left\">11\/ 113<\/td>\n<\/tr>\n<tr bgcolor=\"#ddbd89\">\n<td>\n<div align=\"center\">12 x 14<\/div>\n<\/td>\n<td align=\"center\">31<\/td>\n<td align=\"center\">20 &#8211; 45<\/td>\n<td align=\"center\">12,31<\/td>\n<td align=\"Left\">11\/ 143<\/td>\n<\/tr>\n<tr bgcolor=\"#eeeeee\">\n<td>\n<div align=\"center\">15 x 17<\/div>\n<\/td>\n<td align=\"center\">32<\/td>\n<td align=\"center\">6 &#8211; 12<\/td>\n<td align=\"center\">15,22<\/td>\n<td align=\"Left\">11\/ 5005<\/td>\n<\/tr>\n<tr bgcolor=\"#ddbd89\">\n<td>\n<div align=\"center\">15 x 17<\/div>\n<\/td>\n<td align=\"center\">32<\/td>\n<td align=\"center\">8 &#8211; 16<\/td>\n<td align=\"center\">15,22<\/td>\n<td align=\"Left\">11\/ 168<\/td>\n<\/tr>\n<tr bgcolor=\"#eeeeee\">\n<td>\n<div align=\"center\">15 x 17<\/div>\n<\/td>\n<td align=\"center\">32<\/td>\n<td align=\"center\">14 &#8211; 35<\/td>\n<td align=\"center\">15,11<\/td>\n<td align=\"Left\">11\/ 17<\/td>\n<\/tr>\n<tr bgcolor=\"#ddbd89\">\n<td>\n<div align=\"center\">15 x 17<\/div>\n<\/td>\n<td align=\"center\">32<\/td>\n<td align=\"center\">14 &#8211; 40<\/td>\n<td align=\"center\">15,1<\/td>\n<td align=\"Left\">11\/ 150<\/td>\n<\/tr>\n<tr bgcolor=\"#eeeeee\">\n<td>\n<div align=\"center\">17 x 20<\/div>\n<\/td>\n<td align=\"center\">33<\/td>\n<td align=\"center\">10 &#8211; 25<\/td>\n<td align=\"center\">17,61<\/td>\n<td align=\"Left\">11\/ 170<\/td>\n<\/tr>\n<tr bgcolor=\"#ddbd89\">\n<td>\n<div align=\"center\">17 x 20<\/div>\n<\/td>\n<td align=\"center\">33<\/td>\n<td align=\"center\">12 &#8211; 30<\/td>\n<td align=\"center\">17,62<\/td>\n<td align=\"Left\">11\/ 23<\/td>\n<\/tr>\n<tr bgcolor=\"#eeeeee\">\n<td>\n<div align=\"center\">17 x 20<\/div>\n<\/td>\n<td align=\"center\">33<\/td>\n<td align=\"center\">14 &#8211; 40<\/td>\n<td align=\"center\">17,6<\/td>\n<td align=\"Left\">11\/ 132<\/td>\n<\/tr>\n<tr bgcolor=\"#ddbd89\">\n<td>\n<div align=\"center\">17 x 20<\/div>\n<\/td>\n<td align=\"center\">33<\/td>\n<td align=\"center\">18 &#8211; 45<\/td>\n<td align=\"center\">17,6<\/td>\n<td align=\"Left\">11\/ 103<\/td>\n<\/tr>\n<tr bgcolor=\"#eeeeee\">\n<td>\n<div align=\"center\">17 x 20<\/div>\n<\/td>\n<td align=\"center\">33<\/td>\n<td align=\"center\">23,5 &#8211; 45<\/td>\n<td align=\"center\">17,58<\/td>\n<td align=\"Left\">11\/ 69<\/td>\n<\/tr>\n<tr bgcolor=\"#ddbd89\">\n<td>\n<div align=\"center\">17 x 20<\/div>\n<\/td>\n<td align=\"center\">33<\/td>\n<td align=\"center\">20 &#8211; 50<\/td>\n<td align=\"center\">17,61<\/td>\n<td align=\"Left\">11\/ 169<\/td>\n<\/tr>\n<tr bgcolor=\"#eeeeee\">\n<td>\n<div align=\"center\">21 x 24<\/div>\n<\/td>\n<td align=\"center\">34<\/td>\n<td align=\"center\">12 &#8211; 30<\/td>\n<td align=\"center\">21,11<\/td>\n<td align=\"Left\">11\/ 107<\/td>\n<\/tr>\n<tr bgcolor=\"#ddbd89\">\n<td>\n<div align=\"center\">21 x 24<\/div>\n<\/td>\n<td align=\"center\">34<\/td>\n<td align=\"center\">14 &#8211; 35<\/td>\n<td align=\"center\">20,75<\/td>\n<td align=\"Left\">11\/ 5006<\/td>\n<\/tr>\n<tr bgcolor=\"#eeeeee\">\n<td>\n<div align=\"center\">21 x 24<\/div>\n<\/td>\n<td align=\"center\">34<\/td>\n<td align=\"center\">28 &#8211; 36<\/td>\n<td align=\"center\">21,07<\/td>\n<td align=\"Left\">11\/ 31<\/td>\n<\/tr>\n<tr bgcolor=\"#ddbd89\">\n<td>\n<div align=\"center\">21 x 24<\/div>\n<\/td>\n<td align=\"center\">34<\/td>\n<td align=\"center\">16 &#8211; 45<\/td>\n<td align=\"center\">21,11<\/td>\n<td align=\"Left\">11\/ 118<\/td>\n<\/tr>\n<tr bgcolor=\"#eeeeee\">\n<td>\n<div align=\"center\">21 x 24<\/div>\n<\/td>\n<td align=\"center\">34<\/td>\n<td align=\"center\">20 &#8211; 60<\/td>\n<td align=\"center\">20,99<\/td>\n<td align=\"Left\">11\/ 34<\/td>\n<\/tr>\n<tr bgcolor=\"#ddbd89\">\n<td>\n<div align=\"center\">21 x 24<\/div>\n<\/td>\n<td align=\"center\">34<\/td>\n<td align=\"center\">25 &#8211; 60<\/td>\n<td align=\"center\">21,09<\/td>\n<td align=\"Left\">11\/ 33<\/td>\n<\/tr>\n<tr bgcolor=\"#eeeeee\">\n<td>\n<div align=\"center\">21 x 24<\/div>\n<\/td>\n<td align=\"center\">34<\/td>\n<td align=\"center\">24 &#8211; 62<\/td>\n<td align=\"center\">21,11<\/td>\n<td align=\"Left\">11\/ 36<\/td>\n<\/tr>\n<tr bgcolor=\"#ddbd89\">\n<td>\n<div align=\"center\">26 x 30<\/div>\n<\/td>\n<td align=\"center\">35<\/td>\n<td align=\"center\">17 &#8211; 30<\/td>\n<td align=\"center\">26,83<\/td>\n<td align=\"Left\">11\/ 56<\/td>\n<\/tr>\n<tr bgcolor=\"#eeeeee\">\n<td>\n<div align=\"center\">26 x 30<\/div>\n<\/td>\n<td align=\"center\">35<\/td>\n<td align=\"center\">12 &#8211; 30<\/td>\n<td align=\"center\">26,81<\/td>\n<td align=\"Left\">11\/ 172<\/td>\n<\/tr>\n<tr bgcolor=\"#ddbd89\">\n<td>\n<div align=\"center\">26 x 30<\/div>\n<\/td>\n<td align=\"center\">35<\/td>\n<td align=\"center\">15 &#8211; 36<\/td>\n<td align=\"center\">26,53<\/td>\n<td align=\"Left\">11\/ 105<\/td>\n<\/tr>\n<tr bgcolor=\"#eeeeee\">\n<td>\n<div align=\"center\">26 x 30<\/div>\n<\/td>\n<td align=\"center\">35<\/td>\n<td align=\"center\">20 &#8211; 50<\/td>\n<td align=\"center\">26,8<\/td>\n<td align=\"Left\">11\/ 106<\/td>\n<\/tr>\n<tr bgcolor=\"#ddbd89\">\n<td>\n<div align=\"center\">26 x 30<\/div>\n<\/td>\n<td align=\"center\">35<\/td>\n<td align=\"center\">25 &#8211; 62<\/td>\n<td align=\"center\">26,81<\/td>\n<td align=\"Left\">11\/ 108<\/td>\n<\/tr>\n<tr bgcolor=\"#eeeeee\">\n<td>\n<div align=\"center\">30 x 34<\/div>\n<\/td>\n<td align=\"center\">36<\/td>\n<td align=\"center\">14 &#8211; 42<\/td>\n<td align=\"center\">30,8<\/td>\n<td align=\"Left\">11\/ 47<\/td>\n<\/tr>\n<tr bgcolor=\"#ddbd89\">\n<td>\n<div align=\"center\">30 x 34<\/div>\n<\/td>\n<td align=\"center\">36<\/td>\n<td align=\"center\">20 &#8211; 50<\/td>\n<td align=\"center\">30,86<\/td>\n<td align=\"Left\">11\/ 39<\/td>\n<\/tr>\n<tr bgcolor=\"#eeeeee\">\n<td>\n<div align=\"center\">30 x 34<\/div>\n<\/td>\n<td align=\"center\">36<\/td>\n<td align=\"center\">20 &#8211; 50<\/td>\n<td align=\"center\">30,8<\/td>\n<td align=\"Left\">11\/ 48<\/td>\n<\/tr>\n<tr bgcolor=\"#ddbd89\">\n<td>\n<div align=\"center\">30 x 34<\/div>\n<\/td>\n<td align=\"center\">36<\/td>\n<td align=\"center\">20 &#8211; 50<\/td>\n<td align=\"center\">30,81<\/td>\n<td align=\"Left\">11\/ 97<\/td>\n<\/tr>\n<tr bgcolor=\"#eeeeee\">\n<td>\n<div align=\"center\">30 x 34<\/div>\n<\/td>\n<td align=\"center\">36<\/td>\n<td align=\"center\">26 &#8211; 70<\/td>\n<td align=\"center\">30,76<\/td>\n<td align=\"Left\">11\/ 5008<\/td>\n<\/tr>\n<tr bgcolor=\"#ddbd89\">\n<td>\n<div align=\"center\">30 x 34<\/div>\n<\/td>\n<td align=\"center\">36<\/td>\n<td align=\"center\">30 &#8211; 80<\/td>\n<td align=\"center\">30,8<\/td>\n<td align=\"Left\">11\/ 130<\/td>\n<\/tr>\n<tr bgcolor=\"#eeeeee\">\n<td>\n<div align=\"center\">36 x 40<\/div>\n<\/td>\n<td align=\"center\">37<\/td>\n<td align=\"center\">20 &#8211; 60<\/td>\n<td align=\"center\">36,32<\/td>\n<td align=\"Left\">11\/ 49<\/td>\n<\/tr>\n<tr bgcolor=\"#ddbd89\">\n<td>\n<div align=\"center\">40 x 44<\/div>\n<\/td>\n<td align=\"center\">38<\/td>\n<td align=\"center\">15 &#8211; 30<\/td>\n<td align=\"center\">40,38<\/td>\n<td align=\"Left\">11\/ 50<\/td>\n<\/tr>\n<tr bgcolor=\"#eeeeee\">\n<td>\n<div align=\"center\">40 x 44<\/div>\n<\/td>\n<td align=\"center\">38<\/td>\n<td align=\"center\">24 &#8211; 60<\/td>\n<td align=\"center\">40,32<\/td>\n<td align=\"Left\">11\/ 43<\/td>\n<\/tr>\n<tr bgcolor=\"#ddbd89\">\n<td>\n<div align=\"center\">40 x 44<\/div>\n<\/td>\n<td align=\"center\">38<\/td>\n<td align=\"center\">24 &#8211; 65<\/td>\n<td align=\"center\">40,31<\/td>\n<td align=\"Left\">11\/ 75<\/td>\n<\/tr>\n<tr bgcolor=\"#eeeeee\">\n<td>\n<div align=\"center\">40 x 44<\/div>\n<\/td>\n<td align=\"center\">38<\/td>\n<td align=\"center\">27 &#8211; 70<\/td>\n<td align=\"center\">40,31<\/td>\n<td align=\"Left\">11\/ 121<\/td>\n<\/tr>\n<tr bgcolor=\"#ddbd89\">\n<td>\n<div align=\"center\">45 x 50<\/div>\n<\/td>\n<td align=\"center\">39<\/td>\n<td align=\"center\">12 &#8211; 30<\/td>\n<td align=\"center\">45,35<\/td>\n<td align=\"Left\">11\/ 174<\/td>\n<\/tr>\n<tr bgcolor=\"#eeeeee\">\n<td>\n<div align=\"center\">45 x 50<\/div>\n<\/td>\n<td align=\"center\">39<\/td>\n<td align=\"center\">28 &#8211; 45<\/td>\n<td align=\"center\">45,36<\/td>\n<td align=\"Left\">11\/ 45<\/td>\n<\/tr>\n<tr bgcolor=\"#ddbd89\">\n<td>\n<div align=\"center\">45 x 50<\/div>\n<\/td>\n<td align=\"center\">39<\/td>\n<td align=\"center\">24 &#8211; 60<\/td>\n<td align=\"center\">45,27<\/td>\n<td align=\"Left\">11\/ 46<\/td>\n<\/tr>\n<tr bgcolor=\"#eeeeee\">\n<td>\n<div align=\"center\">45 x 50<\/div>\n<\/td>\n<td align=\"center\">39<\/td>\n<td align=\"center\">24 &#8211; 60<\/td>\n<td align=\"center\">45,29<\/td>\n<td align=\"Left\">11\/ 44<\/td>\n<\/tr>\n<tr bgcolor=\"#ddbd89\">\n<td>\n<div align=\"center\">50 x 55<\/div>\n<\/td>\n<td align=\"center\">40<\/td>\n<td align=\"center\">24 &#8211; 60<\/td>\n<td align=\"center\">50,32<\/td>\n<td align=\"Left\">11\/ 78<\/td>\n<\/tr>\n<tr bgcolor=\"#eeeeee\">\n<td>\n<div align=\"center\">50 x 55<\/div>\n<\/td>\n<td align=\"center\">40<\/td>\n<td align=\"center\">24 &#8211; 60<\/td>\n<td align=\"center\">50,31<\/td>\n<td align=\"Left\">11\/ 82<\/td>\n<\/tr>\n<tr bgcolor=\"#ddbd89\">\n<td>\n<div align=\"center\">50 x 55<\/div>\n<\/td>\n<td align=\"center\">40<\/td>\n<td align=\"center\">24 &#8211; 60<\/td>\n<td align=\"center\">50,32<\/td>\n<td align=\"Left\">11\/ 80<\/td>\n<\/tr>\n<tr bgcolor=\"#eeeeee\">\n<td>\n<div align=\"center\">50 x 55<\/div>\n<\/td>\n<td align=\"center\">40<\/td>\n<td align=\"center\">24 &#8211; 65<\/td>\n<td align=\"center\">50,31<\/td>\n<td align=\"Left\">11\/ 77<\/td>\n<\/tr>\n<tr bgcolor=\"#ddbd89\">\n<td>\n<div align=\"center\">55 x 60<\/div>\n<\/td>\n<td align=\"center\">42<\/td>\n<td align=\"center\">24 &#8211; 60<\/td>\n<td align=\"center\">55,33<\/td>\n<td align=\"Left\">11\/ 5010<\/td>\n<\/tr>\n<tr bgcolor=\"#eeeeee\">\n<td>\n<div align=\"center\">60 x 65<\/div>\n<\/td>\n<td align=\"center\">41<\/td>\n<td align=\"center\">28 &#8211; 70<\/td>\n<td align=\"center\">60,36<\/td>\n<td align=\"Left\">11\/ 85<\/td>\n<\/tr>\n<tr bgcolor=\"#ddbd89\">\n<td>\n<div align=\"center\">60 x 65<\/div>\n<\/td>\n<td align=\"center\">41<\/td>\n<td align=\"center\">28 &#8211; 70<\/td>\n<td align=\"center\">60,36<\/td>\n<td align=\"Left\">11\/ 86<\/td>\n<\/tr>\n<tr bgcolor=\"#eeeeee\">\n<td>\n<div align=\"center\">60 x 65<\/div>\n<\/td>\n<td align=\"center\">41<\/td>\n<td align=\"center\">28 &#8211; 70<\/td>\n<td align=\"center\">60,38<\/td>\n<td align=\"Left\">11\/ 51<\/td>\n<\/tr>\n<tr bgcolor=\"#ddbd89\">\n<td>\n<div align=\"center\">60 x 65<\/div>\n<\/td>\n<td align=\"center\">41<\/td>\n<td align=\"center\">40 &#8211; 120<\/td>\n<td align=\"center\">60,33<\/td>\n<td align=\"Left\">11\/ 127<\/td>\n<\/tr>\n<tr bgcolor=\"#eeeeee\">\n<td>\n<div align=\"center\">65 x 70<\/div>\n<\/td>\n<td align=\"center\">45<\/td>\n<td align=\"center\">28 &#8211; 65<\/td>\n<td align=\"center\">65,35<\/td>\n<td align=\"Left\">11\/ 98<\/td>\n<\/tr>\n<tr bgcolor=\"#ddbd89\">\n<td>\n<div align=\"center\">65 x 70<\/div>\n<\/td>\n<td align=\"center\">45<\/td>\n<td align=\"center\">28 &#8211; 84<\/td>\n<td align=\"center\">65,35<\/td>\n<td align=\"Left\">11\/ 128<\/td>\n<\/tr>\n<tr bgcolor=\"#eeeeee\">\n<td>\n<div align=\"center\">70 x 75<\/div>\n<\/td>\n<td align=\"center\">48<\/td>\n<td align=\"center\">45 &#8211; 122<\/td>\n<td align=\"center\">70,38<\/td>\n<td align=\"Left\">11\/ 101<\/td>\n<\/tr>\n<tr bgcolor=\"#ddbd89\">\n<td>\n<div align=\"center\">75 x 80<\/div>\n<\/td>\n<td align=\"center\">51<\/td>\n<td align=\"center\">24 &#8211; 60<\/td>\n<td align=\"center\">75,41<\/td>\n<td align=\"Left\">11\/ 102<\/td>\n<\/tr>\n<\/thead>\n<\/table>\n","protected":false},"excerpt":{"rendered":"<p>Nennmass Z\u00e4hnezahl R\u00e4uml\u00e4nge Vorbohrung Wkz-Nr 7 x 8 28 8 &#8211; 15 7,2 11\/ 131 7 x 8 28 10 &#8211; 20 7,02 11\/ 142 7 x 8 28 10 &#8211; 25 7,18 11\/ 115 8 x 10 28 10 &#8211; 18 8,4 11\/ 3 8 x 10 28 10<a href=\"https:\/\/wiemers.de\/?page_id=175\" class=\"read-more\">Lesen Sie mehr &#8230;<\/a><\/p>\n","protected":false},"author":1,"featured_media":0,"parent":195,"menu_order":8,"comment_status":"closed","ping_status":"closed","template":"","meta":[],"_links":{"self":[{"href":"https:\/\/wiemers.de\/index.php?rest_route=\/wp\/v2\/pages\/175"}],"collection":[{"href":"https:\/\/wiemers.de\/index.php?rest_route=\/wp\/v2\/pages"}],"about":[{"href":"https:\/\/wiemers.de\/index.php?rest_route=\/wp\/v2\/types\/page"}],"author":[{"embeddable":true,"href":"https:\/\/wiemers.de\/index.php?rest_route=\/wp\/v2\/users\/1"}],"replies":[{"embeddable":true,"href":"https:\/\/wiemers.de\/index.php?rest_route=%2Fwp%2Fv2%2Fcomments&post=175"}],"version-history":[{"count":6,"href":"https:\/\/wiemers.de\/index.php?rest_route=\/wp\/v2\/pages\/175\/revisions"}],"predecessor-version":[{"id":256,"href":"https:\/\/wiemers.de\/index.php?rest_route=\/wp\/v2\/pages\/175\/revisions\/256"}],"up":[{"embeddable":true,"href":"https:\/\/wiemers.de\/index.php?rest_route=\/wp\/v2\/pages\/195"}],"wp:attachment":[{"href":"https:\/\/wiemers.de\/index.php?rest_route=%2Fwp%2Fv2%2Fmedia&parent=175"}],"curies":[{"name":"wp","href":"https:\/\/api.w.org\/{rel}","templated":true}]}}